- 21544. Suppose 22*r - h - 17209 = 0. What is the thousands digit of r?
1
Let s be 247548/70 + (8/5 - 2). What is the hundreds digit of 5/15 + s/12 + 1?
2
Let d(i) = 3039*i + 262. What is the tens digit of d(1)?
0
Let z = 69192 - 44283. What is the units digit of z?
9
Let v(r) = -r**2 + 4*r + 31. Let t = -24 + 33. Let m be v(t). Let u = -8 - m. What is the units digit of u?
6
Suppose -4*y - 32 = 5*r - 199, -2*y = -2*r - 106. Let k = 40 - y. What is the tens digit of 162 + (k/(-2) - (4 + -1))?
6
Let f = 22179 + 22675. What is the tens digit of f?
5
Let s(f) = 92*f**3 + f**2. Suppose 5*b - 160 = 10*b. Let n = b - -33. What is the tens digit of s(n)?
9
What is the ten thousands digit of (7 - (-62708 - 1)) + 13 - (0 + 0)?
6
Let p(i) = -2*i**3 + 50*i**2 + 40*i - 4. Let l be p(25). Suppose 3*a - 483 - 515 = -g, g + a - l = 0. What is the tens digit of g?
9
Suppose -31*v + 99816 = -26*v + 4*o, -v + 2*o + 19966 = 0. What is the units digit of v?
4
Suppose -2*r + 51 = -655. Suppose 0 = -2*h + r + 1301. What is the hundreds digit of h?
8
Suppose 2*g - 5 - 3 = 0. Suppose 5*k = -g*k + 1494. What is the units digit of k?
6
Suppose -503 = -34*j - 163. Suppose 0 = 20*l - j*l - 16850. What is the hundreds digit of l?
6
Let x(a) = 14*a + 46. Let y be x(-3). Suppose -7*t = -y*t - 135. What is the tens digit of t?
4
Let c(d) = 228*d**2 - 135*d - 686. What is the tens digit of c(-5)?
8
Suppose -5*i - 3*x = -4*i - 6, 3*x + 3 = 0. Let v(z) = 2*z**3 - 8*z**2 - 41*z + 18. What is the hundreds digit of v(i)?
4
Let d be -1 + -8 + (11 - 2). Let u be (-5)/(-1*(-1 - -2)). Suppose -u*l + 1 + 24 = d. What is the units digit of l?
5
Let t(y) = y + 25. Suppose 0 = -0*b - 6*b. Let p(d) = d**3 - d**2 - d + 5. Let n be p(b). What is the tens digit of t(n)?
3
Suppose 11*k - 4523 - 1340 = 0. Let w be (4 - -1)/((-3)/183). Let o = k + w. What is the tens digit of o?
2
Let x(r) = 7*r - 50. Let y be x(8). Suppose 2*q = -y*w + w + 5497, 5*w - q - 5509 = 0. What is the units digit of w?
1
Suppose -10*m + 9*m = 0. Suppose 5*u + m*u - 15 = 0. What is the units digit of (0 - 6/u) + 51?
9
Suppose -4*j + 658 = -2*d, 2*d + 0*d = j - 157. Let z = -761 - -834. Let o = j - z. What is the tens digit of o?
9
Let t = -21 - -26. Suppose 5*a - 793 = -4*f + 1387, a - 457 = -t*f. What is the units digit of a?
2
What is the hundreds digit of 1*((-182598)/(-13) + 5)?
0
Let q(c) = -6*c**2 + 16*c + 55. Let d be q(-5). Let p = d + 497. What is the hundreds digit of p?
3
Let x = 47 - 44. Let b(r) = 3*r + 5. Let q be b(x). What is the units digit of -128*(-2)/q - 2/7?
8
Suppose -3848 - 30384 = -11*s. What is the tens digit of s?
1
What is the hundreds digit of (-5)/(-20) + (-2113670)/(-40) + -16?
8
Let g(a) = 30*a**2 + 65*a + 460. What is the tens digit of g(-6)?
5
Suppose -13283 - 27949 = -48*g. What is the tens digit of g?
5
Let w(g) = -6*g**2 - 5*g + 29. Let h be w(7). Let m = h + 624. Suppose -5*r + r = -m. What is the units digit of r?
1
Let u(w) = -203*w - 1337. What is the hundreds digit of u(-32)?
1
Let s = -239 + 467. Let t = 232 - s. What is the units digit of t?
4
Let z = 1571 - -694. Suppose z = 5*w - 0*w + 4*r, -2*w + 906 = -r. What is the tens digit of w?
5
Let u = -34 + 30. Let i = u - 19. What is the units digit of -9 - -12 - i*1?
6
Let g(h) = h - 4 - 3 - 4*h. Let i be g(-4). Suppose 3*a - 637 = -2*r, -2*a + 2*r = i*r - 433. What is the tens digit of a?
0
Let w be 16/(5/(-120)*-3). Let c be -120*(-5)/(100/(-8)). Let i = w + c. What is the tens digit of i?
8
Suppose 79*d = -4*u + 81*d + 16064, 3*u - 4*d = 12063. What is the thousands digit of u?
4
Let b(t) = 10*t + t - 22 - 6*t. Suppose 9*v - 4*v - 85 = 0. What is the units digit of b(v)?
3
Suppose 9597 = 5*d + 3*r + 62, -3*d + r = -5735. What is the units digit of d?
0
Let x = 129 - 127. Suppose -3*w + 2*h = -651, -x*h - 469 - 399 = -4*w. What is the hundreds digit of w?
2
Let y be 1/((-2)/(-24)) - 5. Suppose -y*v + 3770 + 4427 = 0. Suppose -11*j - v = -3800. What is the hundreds digit of j?
2
Let m(z) be the third derivative of 34*z**3 + 1/24*z**4 + 0*z**5 - 4*z**2 + 1/120*z**6 + 0*z + 0. What is the units digit of m(0)?
4
Suppose 0 = -11*h + 12*h - 7. Let l(y) = 2*y**2 - 11*y + 15. Let p(q) = -2*q**2 + 10*q - 14. Let z(t) = -5*l(t) - 6*p(t). What is the tens digit of z(h)?
7
Suppose 172*g - 44087 - 2493773 = 0. What is the tens digit of g?
5
Suppose 4 = -9*i + 10*i. Suppose u = i*m - 287, u + 183 = 5*m - 176. Suppose -v + 109 = k, 5*v + 3*k = 467 + m. What is the hundreds digit of v?
1
Let p = -665 - -1241. Suppose -2*b + p - 100 = 0. Suppose 6*h + 34 - b = 0. What is the units digit of h?
4
Let q be (-8)/(-6) - (-12)/(-72)*-4. Let f(w) = -19*w**2 - w - 3. Let p(u) = -38*u**2 - 2*u - 5. Let r(d) = 5*f(d) - 3*p(d). What is the tens digit of r(q)?
7
What is the ten thousands digit of 29597 - (-27)/(-2)*(-30)/(-45)?
2
Let v = 162 - 99. What is the hundreds digit of -603*(-21)/v*(-1 - -2)?
2
Let l(z) = -15*z + 6. Let i be l(5). Let x = 2047 + -2078. Let y = x - i. What is the tens digit of y?
3
Suppose 71*m - 345096 = 139*m - 86*m. What is the units digit of m?
2
Suppose 3*a - 23 = 8*r - 9*r, -4*r + 4*a = -12. Let i(j) = -4*j + 77. What is the units digit of i(r)?
5
Suppose -27 - 248 = -11*g. What is the tens digit of g/35*7 + 88*23?
2
Let v(s) = 3*s + 7*s**3 + 1 - s - 43*s**3 - 117*s**3. What is the tens digit of v(-1)?
5
Suppose 481*h - 230811 = -5*u + 482*h, 0 = u + h - 46167. What is the tens digit of u?
6
Suppose -3*i + 296 = 5*w, -4*i = -2*w + 4*w - 124. Let l = 16 + w. What is the tens digit of l?
7
Let x(z) = 307*z + 55. Let o(y) = -154*y - 28. Let j(a) = -11*o(a) - 6*x(a). What is the units digit of j(-5)?
8
Let m = 1899 + 696. Let z = m + -1829. What is the hundreds digit of z?
7
What is the tens digit of (-30)/(-4)*(81821/85 + 13)?
1
Let a(y) be the third derivative of -y**5/12 - y**4/24 + 17*y**3 + 17*y**2. What is the units digit of a(0)?
2
Suppose 0*n + 4*n = 32. Let g(a) = 6*a**2 - 1 - 44*a - 5*a**2 + 41*a. What is the units digit of g(n)?
9
What is the units digit of ((1 - -15) + -19)*(-3495)/1?
5
Let z = 97 + -95. Suppose 4*j - 21 = -i, z*i - 3*j + 7 = -6. What is the units digit of 1 + (i - -2) + 80?
4
Let g(c) = -c**3 + 10*c**2 + 2*c + 2. Let t be g(10). Let x be (-6)/33 - (-378)/t. What is the tens digit of 3 - (x - 3)/(-2)?
1
Let a(o) = 17*o + 14. Let d(v) = -v - 1. Let c be d(-4). Let s be a(c). Suppose 0 = -2*t + 121 + s. What is the units digit of t?
3
Suppose -z = 3*z + 936. Let b = 173 - z. Suppose -4*k - k = 5*m - 745, 3*k - 5*m = b. What is the hundreds digit of k?
1
Suppose 0 = t + 516 - 1603. What is the hundreds digit of t?
0
Suppose -53*u + 48*u + 20517 = g, g - 20521 = -9*u. What is the thousands digit of g?
0
Let h(n) = 87*n - 104. Let l be h(2). What is the units digit of 1/l*-7 + 16611/10?
1
What is the thousands digit of (-133410 - 9)/(-11) - -8?
2
Let t = -73 + 38. Suppose 38 = -5*l + 18. What is the tens digit of (t/(-5))/(l/(-40))?
7
Let m(n) = 58*n**3 - 2*n**2 + 3. Let g be m(2). Let h = g + -225. What is the tens digit of h?
3
Let o = -19679 + 45781. What is the ten thousands digit of o?
2
Suppose 477 = -33*z - 579. What is the units digit of (-738)/12*1*z/3?
6
Suppose 552292 = 49*o - 475728. What is the tens digit of o?
8
Let f(i) be the third derivative of -i**4/6 + 10*i**3/3 + i**2. Let v be f(4). Suppose 3*o = -v*k + 226, -72 = -0*o - o - 3*k. What is the units digit of o?
8
Let t(q) = q**3 - 15*q**2 - 25*q - 1. Let a be t(14). Let d = -231 - a. What is the tens digit of d?
1
Let a be (6/5)/((-28)/(-70)) + 0. What is the units digit of a + (545 + -2 - (-2 + 2))?
6
Suppose -3*a - 9 = -3*i, -3*i = 2*i - 3*a - 13. Let y = 3 + i. Suppose y*m - 222 = 33. What is the tens digit of m?
5
Let c be -9*(-2 + (-35)/(-15)). Let j be ((-1170)/(-4))/(c - (-75)/20). What is the units digit of j*((-2)/(-16) + 0)*4?
5
Suppose u - 784*f - 4883 = -789*f, 19548 = 4*u + 4*f. What is the thousands digit of u?
4
Let j(q) = -77*q**2 + 2*q + 2. Suppose -6 = -2*c + 2*b - 0, 5 = 5*c + 5*b. Let n be j(c). What is the tens digit of ((5 - 4)/2)/((-1)/n)?
5
Let t = -52 - -72. Suppose -26*i = -t*i - 12. What is the hundreds digit of i/11 - 13/((-286)/2658)?
1
Let k(p) = 7*p - 60. Let y be k(9). Suppose 4*w = -2*b + 2854, 35*b 